Let h(c) = -6*c**3 + 1663*c**2 - 3583*c + 2198. What is h(275)?
-2
Let d(v) = -326*v**2 + 5965*v - 1745. Determine d(18).
1
Let p(s) = 504*s - 7842. Calculate p(12).
-1794
Let g(h) = -142*h + 4937. Give g(35).
-33
Let c(u) = -u**3 - 465*u**2 + 4920*u + 80760. Give c(-475).
10
Let h(l) = 219*l**2 + 49268*l - 1599. Give h(-225).
-24
Let o(j) = 1763*j - 22867. What is o(13)?
52
Let b(x) = 2*x**3 + 17*x**2 + 1059*x + 4089. What is b(-4)?
-3
Let y(f) = 9*f**2 + 9082*f + 45419. Calculate y(-5).
234
Let n(y) = -2*y**3 - 241*y**2 + 1782*y + 15. Calculate n(7).
-6
Let a(v) = 39*v**2 + 7802*v + 409. What is a(-200)?
9
Let n(r) = -2438*r - 643668. Give n(-264).
-36
Let y(p) = -17*p**3 + 934*p**2 + 55*p + 185. What is y(55)?
185
Let x(b) = 331*b**2 - 519992*b - 14134. What is x(1571)?
5
Let n(w) = -w**3 + 99*w**2 + 187*w + 1382. What is n(101)?
-133
Let k(x) = 482*x - 4536. Calculate k(10).
284
Let g(a) = 2*a**3 + 107*a**2 + 70*a + 978. Calculate g(-53).
77
Let f(y) = y**3 + 35*y**2 - 173*y - 2233. Give f(-38).
9
Let t(a) = 3*a**3 + 13*a**2 - 646*a - 4488. Calculate t(-12).
-48
Let t(c) = -c**2 + 378619*c - 6436269. Give t(17).
-35
Let a(q) = -7112*q - 256033. Calculate a(-36).
-1
Let r(n) = -12223*n + 183399. What is r(15)?
54
Let y(o) = -21*o**2 - 300*o - 675. Determine y(-17).
-1644
Let o(b) = -4*b**3 - 58*b**2 - 87*b + 118. Determine o(-13).
235
Let f(i) = i**2 + 52186*i - 313140. What is f(6)?
12
Let f(b) = 4390*b**2 - 21938*b - 65. Determine f(5).
-5
Let f(y) = -488*y - 4452. What is f(-7)?
-1036
Let x(l) = 2294*l + 71158. Calculate x(-31).
44
Let u(i) = 2*i**3 + 3*i**2 - 282*i + 30. Give u(0).
30
Let s(v) = 50*v**2 - 664*v - 1974. What is s(-3)?
468
Let k(s) = -6*s**2 - 517*s - 9389. Determine k(-26).
-3
Let k(b) = -b**2 + 134904*b + 5127693. Give k(-38).
-103
Let q(j) = 292*j + 8873. What is q(-11)?
5661
Let n(i) = -847*i + 430. Calculate n(0).
430
Let g(m) = -642*m**2 + 234*m - 1. What is g(2)?
-2101
Let y(g) = g**3 + 60*g**2 + 600*g + 164. Calculate y(-13).
307
Let v(w) = -621927*w - 13682383. Calculate v(-22).
11
Let a(r) = -53*r**2 - 2051*r - 3251. What is a(-37)?
79
Let h(s) = s**3 + 158*s**2 + 5211*s - 931. Give h(-47).
-649
Let i(z) = -6912*z - 117. Calculate i(0).
-117
Let b(w) = w**3 - 86*w**2 - 532*w - 53. Determine b(-6).
-173
Let y(p) = -13424*p + 94025. Calculate y(7).
57
Let l(f) = 2*f**2 - 118*f - 7961. Determine l(99).
-41
Let i(j) = -8*j**3 - 113*j**2 - 382*j - 103. Determine i(-9).
14
Let p(c) = -21243*c + 1338307. What is p(63)?
-2
Let z(h) = -53*h**3 - 28242*h**2 + 3689*h - 22386. What is z(-533)?
0
Let m(f) = -2*f**3 - 1404*f**2 - 6965*f + 3448. Give m(-697).
-37
Let h(o) = 1034*o**2 - 2132*o + 8. Determine h(2).
-120
Let z(a) = a**2 + 2456*a + 533813. Determine z(-241).
-2
Let q(d) = 7595*d**2 - 68358*d + 19. Calculate q(9).
-8
Let w(f) = -6239*f - 6351302. Calculate w(-1018).
0
Let r(q) = 2314*q + 1325. What is r(-1)?
-989
Let g(u) = -u**3 - 67*u**2 - 569*u + 45. Determine g(-57).
-12
Let c(q) = -3870*q - 1060338. Determine c(-274).
42
Let t(l) = -82*l**2 + 354*l - 112. Calculate t(4).
-8
Let t(f) = -f**3 + 860*f**2 - 7630*f - 254. Determine t(9).
7
Let v(o) = 4*o**2 + 4015*o - 486390. Calculate v(-1113).
-9
Let a(l) = -302*l - 9954. Determine a(-32).
-290
Let c(p) = 2*p**3 - 61*p**2 + 371*p + 120. What is c(9)?
-24
Let o(m) = -990*m - 182238. Determine o(-184).
-78
Let f(n) = 913*n + 98586. Calculate f(-108).
-18
Let g(m) = 2*m**3 + 459*m**2 - 231*m - 234. Calculate g(-230).
-4
Let b(r) = 8*r**2 - 36828*r + 842809. What is b(23)?
-3
Let k(g) = -28922*g - 289239. Give k(-10).
-19
Let q(n) = -1726*n - 58139. Give q(-34).
545
Let t(w) = 431*w + 23562. Give t(-55).
-143
Let t(d) = -2*d**3 - 235*d**2 + 600*d - 281. What is t(-120)?
-281
Let b(l) = -744*l**3 + 5*l**2 + 38*l + 31. Calculate b(-1).
742
Let f(u) = 624*u - 48430. Determine f(77).
-382
Let u(i) = 3*i**2 + 1089*i + 72603. Give u(-275).
3
Let m(q) = q**3 - 6*q**2 + 159*q - 2746. Calculate m(12).
26
Let f(l) = -2610*l - 571583. Give f(-219).
7
Let y(v) = -9*v**2 + 235*v + 2791. Give y(35).
-9
Let t(l) = -56*l**3 - 2*l**2 + 13*l + 9. Calculate t(-3).
1464
Let u(j) = j**2 + 608*j + 23426. Give u(-41).
179
Let s(l) = -l**2 - 14238*l - 341069. Give s(-24).
67
Let b(o) = 168*o**2 - 2353*o + 19. What is b(14)?
5
Let a(v) = -2*v**3 - 367*v**2 + 2718*v - 307. Give a(7).
50
Let w(r) = r**3 + 2*r**2 - 13*r - 150. Determine w(-8).
-430
Let a(w) = 16033*w - 144238. Determine a(9).
59
Let d(w) = -2703393*w + 45957682. What is d(17)?
1
Let w(j) = -j**3 - 8*j**2 + 556*j - 30. Calculate w(-28).
82
Let r(q) = 4*q**3 + 46*q**2 + 3759*q + 49878. Calculate r(-13).
-3
Let f(o) = -4209*o - 189403. Determine f(-45).
2
Let o(k) = 144*k**2 - 78*k + 323. Calculate o(4).
2315
Let t(j) = j**3 - 155*j**2 + 460*j + 315. What is t(152)?
923
Let q(f) = -f**2 - 129*f + 3687. What is q(42)?
-3495
Let h(o) = -18*o**2 + 633*o - 2387. Determine h(30).
403
Let o(i) = 358*i - 28357. Calculate o(79).
-75
Let z(j) = -2*j**2 - 253*j + 9575. Determine z(-157).
-2
Let z(b) = -b**3 + 80*b**2 - 767*b - 3455. Give z(68).
-123
Let y(g) = 23526*g + 6. Determine y(0).
6
Let r(b) = -145*b + 2662. Determine r(20).
-238
Let m(x) = 590*x - 3749. Give m(7).
381
Let b(w) = w**2 - 130379*w - 2347149. Calculate b(-18).
-3
Let d(s) = -2419*s - 396739. Determine d(-164).
-23
Let i(m) = -55*m**2 + 159*m + 1583. Determine i(7).
1
Let o(h) = -21*h**2 - 646*h - 1640. What is o(-28)?
-16
Let x(g) = -3*g**3 - 1000*g**2 + 565*g - 34491. Give x(-334).
-89
Let a(r) = 369*r - 1475. Determine a(5).
370
Let a(v) = -89*v**2 + 1442*v - 52. Give a(15).
1553
Let p(n) = 16*n**3 - n**2 - 389240*n + 389240. Calculate p(1).
15
Let i(q) = 4943*q - 39271. Give i(8).
273
Let b(h) = -124*h**2 + 133*h + 384. Determine b(-3).
-1131
Let n(c) = -16*c**3 - 38*c + 109. Give n(6).
-3575
Let w(o) = -1497*o + 149699. Give w(100).
-1
Let i(d) = 2*d**3 + 47*d**2 - 360*d - 368. Determine i(-30).
-1268
Let d(y) = -1817*y - 19974. Determine d(-11).
13
Let j(y) = 6*y**2 + 84870*y + 254580. Calculate j(-3).
24
Let q(g) = -10*g**2 + 848*g + 17564. Calculate q(102).
20
Let t(a) = a**3 - 82*a**2 + 847*a - 103. Determine t(12).
-19
Let a(n) = -2*n**2 - 113*n + 953. Give a(9).
-226
Let w(y) = -y**3 + 32*y**2 - 271*y + 22. What is w(11)?
-418
Let p(y) = -185*y - 2878. Calculate p(-12).
-658
Let u(i) = -215972*i**2 - 3455548*i + 67. What is u(-16)?
3
Let l(n) = -40*n**3 + 7*n**2 + 43*n - 53. Determine l(1).
-43
Let t(c) = -12*c**3 - 14*c**2 + 63*c - 37. Calculate t(3).
-298
Let q(r) = -r**3 - 32*r**2 - 53*r + 5. What is q(0)?
5
Let h(p) = 3188*p + 153172. Give h(-48).
148
Let h(k) = -7881*k + 23868. Determine h(3).
225
Let h(n) = 34*n - 1082. What is h(30)?
-62
Let c(t) = 12834*t - 1103722. Determine c(86).
2
Let d(t) = 2*t**3 - 208*t**2 - 10079*t + 403. Calculate d(140).
543
Let a(g) = g**3 + 4*g**2 + 37*g + 868. What is a(-9)?
130
Let h(i) = -i**3 + 178*i**2 + 3104*i - 1183. Determine h(194).
-1183
Let j(v) = -2*v**3 + 48*v**2 + 247*v - 8293. Determine j(19).
10
Let y(v) = -8*v**3 + 101*v**2 - 3283*v + 43179. Calculate y(13).
-7
Let l(m) = -23307*m + 302975. Calculate l(13).
-16
Let i(q) = -4*q**3 + 509*q**2 - 77*q - 6217. Give i(127).
133
Let t(f) = 17*f**3 - 81*f**2 + 141*f - 43. Determine t(2).
51
Let t(z) = 6112*z - 207814. What is t(34)?
-6
Let q(z) = 3*z**2 + 4338*z - 686850. Calculate q(-1590).
30
Let l(k) = -90210*k + 451016. Calculate l(5).
-34
Let r(h) = 6654*h - 25328. Give r(4).
1288
Let i(l) = 25*l**2 - 155*l - 336. What is i(8)?
24
Let y(u) = -37569*u + 2141437. Calculate y(57).
4
Let g(o) = -41295*o - 2353814. Give g(-57).
1
Let l(z) = 216*z - 761. Calculate l(1).
-545
Let m(p) = -p**3 + 18*p**2 - 289*p + 1465. What is m(7)?
-19
Let b(z) = -225*z**2 - 121*z - 311. Determine b(-3).
-1973
Let k(y) = -391*y - 257. What is k(-1)?
134
Let s(w) = -3197*w - 28670. Determine s(-9).
103
Let z(j) = 20*j**3 + 689*j**2 + 961*j + 116. What is z(-33)?
-16
Let k(j) = 1738*j - 39977. Give k(23).
-3
Let v(o) = 2*o**3 + 37*o**2 - 50*o - 583. Determine v(-19).
6
Let p(s) = 8578*s + 660496. What is p(-77)?
-10
Let m(j) = -1410*j + 16950. What is m(12)?
30
Let h(w) = -88*w - 12478. Determine h(-130).
-1038
Let l(z) = -4*z**3 + 39*z**2 - 56*z + 610. Give l(10).
-50
Let a(u) =